s?
230
Let x(n) = n + 608. Let r be x(0). Suppose -4*a + 160*c - 152*c + 248 = 0, 4*a = c + 164. Calculate the greatest common factor of r and a.
38
Let y(v) be the first derivative of 3*v**2/2 - 26*v + 83. Let z be y(20). Calculate the highest common divisor of 272 and z.
34
Suppose 24 = -2*q - 148. Let f = 154 + q. Let t = 25311 + -25141. What is the highest common factor of t and f?
34
Suppose 5*w - 90902 = -8*r + 52244, 0 = w - 3*r - 28620. What is the greatest common factor of w and 78?
78
Suppose 289283 = -172*v + 725131. What is the highest common factor of 56 and v?
14
Suppose 315 = 2*p + p. Suppose 2*f = -4*r + 250, -3*f = -59 + 62. Calculate the highest common factor of r and p.
21
Suppose -3*v + 288 = -2*i, -3*i = v - 13 - 94. Suppose 7*m - 224 = v. Calculate the greatest common divisor of m and 230.
46
Suppose 4*h + 6 = 3*t, 3*h - 11 + 13 = 2*t. Calculate the highest common factor of 2 and t.
2
Suppose -4*m + 3*d = -131, -13*m - 187 = -18*m - 4*d. Let x be (0/2 - 21)*-1. Let z = m + x. What is the highest common divisor of 84 and z?
28
Let h be (0 - 3)/((9 - 4)/(-225)). Let o = -29 + 44. Calculate the highest common factor of h and o.
15
Let o(u) = 4*u**2 + 52*u - 470. Let i be o(-48). What is the highest common factor of 50 and i?
50
Let r be (0 - -16) + -28 + 5 + 29. Calculate the greatest common factor of r and 19382.
22
Suppose 317 - 1431 = -97*t + 1408. Calculate the highest common factor of 38 and t.
2
Suppose 19*t + 13664 + 34584 = 93*t. Calculate the highest common factor of t and 56.
4
Let y(z) be the third derivative of -z**5/60 + z**4/3 + 21*z**3 + 199*z**2. Let c be y(-6). Calculate the highest common factor of c and 105.
21
Suppose 2*g - 218 = 5*m - 7*m, 4*g - 4 = 0. Let f = 115 - m. What is the greatest common divisor of f and 329?
7
Let j = 349 + 91. Suppose -h + 112 = 3*x, -184 = -4*x - 0*h + 3*h. What is the greatest common factor of j and x?
40
Suppose -8000 = -23*w - 17*w. What is the highest common factor of 2200 and w?
200
Let c be -4*-5*(-5)/(-4). Suppose -1701*t = -1704*t + 75. Calculate the highest common divisor of c and t.
25
Suppose 7*a - 64*a = -22971. What is the highest common factor of a and 248?
31
Let c = 18 - -110. Let l be (7/4 - 0) + 32/c. Let s be (l + -5)*(-340)/15. What is the highest common factor of s and 17?
17
Let k = -346 - -386. Calculate the highest common factor of k and 1730.
10
Let r be (-6)/(-123) + 18 + (-11784)/(-492). Let m = 56 - 28. What is the greatest common divisor of r and m?
14
Suppose 101*s - 895 = 96*s - 5*l, 5*l = -s + 199. What is the highest common divisor of s and 986?
58
Suppose -36*g + 97 - 25 = 0. Suppose g*x = -5*b + 2295 - 298, -x = 4*b - 1597. What is the highest common factor of 42 and b?
21
Suppose 28*p - 40*p = -96. What is the greatest common factor of 188 and p?
4
Let o be (-7)/((-42)/4) - 84/(-9). Let b be 172 + 36/(-6) + o. What is the greatest common factor of 198 and b?
22
Suppose -1190 + 9950 = 15*f. Suppose -25*q + f + 516 = 0. What is the highest common factor of 286 and q?
22
Suppose 5*z - 15095 = 3*n, -2676*z + 2674*z - 3*n = -6017. Calculate the greatest common factor of z and 52.
52
Suppose -4*r + 175 = l, 4*r + 3*l - 178 + 13 = 0. What is the highest common factor of r and 255?
15
Let w(x) = 4*x**3 - 58*x**2 + 77*x + 21. Let m be w(13). Let b = 6 + -6. Let d be 72 - (b/(-2))/2. Calculate the greatest common divisor of d and m.
8
Let y(a) = -a - 9*a**2 + 13 + 10*a**3 + 0*a**3 - 14*a**3 + 3*a**3 - 14*a**2. Let w be y(-23). Calculate the highest common divisor of w and 27.
9
Let h(z) = -z**2 + 13*z + 20 - 9*z - 3*z. Let d be h(0). Calculate the greatest common divisor of d and 90.
10
Let q be 0 - -3 - -3*1908/6. Calculate the greatest common factor of q and 66.
33
Suppose -4*f - 3*j - 437 = -2108, -3*j = -4*f + 1689. Suppose -14*x - x + f = 0. Calculate the greatest common divisor of x and 812.
28
Let s(v) = 12*v + 110. Let b be s(-9). Suppose 3*w = 2*w - 18. Let a = 28 + w. Calculate the highest common factor of b and a.
2
Let s(g) = -5*g - 5 - 208*g**2 + 209*g**2 + g. Let x be s(-4). What is the highest common factor of 243 and x?
27
Let l(x) be the third derivative of x**4/6 - 7*x**3/2 + 23*x**2. Let a be l(8). Let r be a - (4 - 0 - 3). What is the highest common factor of r and 25?
5
Suppose 207*y - 1293 + 669 = 1239. What is the highest common factor of y and 8748?
9
Let x(f) = -50*f + 114. Let j be x(2). Calculate the greatest common factor of 2429 and j.
7
Suppose -2*k - 2*k - 3*h = 268, 124 = -2*k - 4*h. Let v be -1*(15 - 8) - k. Calculate the highest common divisor of v and 441.
63
Let w = -40 + 56. Let u = -292 - -296. Suppose 2*h = -2*h - 2*s + 412, u*h = -s + 414. Calculate the highest common divisor of w and h.
8
Suppose k - 11 + 4 = 0. Let x(d) = -d + 11. Let p be x(k). Suppose -p*l + 15 + 57 = 0. What is the highest common divisor of 24 and l?
6
Suppose -19 - 13 = -n + 4*j, 5*j - 64 = -2*n. Suppose 0 = 2*f + 2*u - 58, f + 0*u + 4*u = n. Calculate the highest common divisor of 224 and f.
28
Let t be (57/(-12) - -3)*(-336 + (-56)/14). Calculate the greatest common divisor of t and 875.
35
Suppose -n + 320 = 4*b, 7*b = -2*n + 2*b + 643. Calculate the greatest common factor of n and 126.
18
Let s(u) = 33*u - 73 + 15 + 25. Let z be s(8). Calculate the highest common divisor of z and 21.
21
Suppose 19*k = 4*f + 22*k - 224, -2*k = -3*f + 168. Let h be (-17388)/f*4/(-6). What is the greatest common divisor of h and 18?
9
Let p be (-3 + 100/60)/(2/(-600)). What is the highest common factor of p and 475?
25
Let d = 9836 - 7973. Calculate the highest common factor of 36 and d.
9
Let f(r) = -r**3 + 3*r**2 + 5*r - 16. Let a be f(5). Let y be -12 + (1 + -3 - -2). Let b = y - a. Calculate the highest common factor of b and 58.
29
Suppose 0 = 2*j + 5*a - 205, -123*j - 203 = -126*j + 2*a. Let m = -1 + 4. What is the greatest common divisor of j and m?
3
Suppose -24 = -4*m + 2*m. Let d = 47 + -53. Let r be d/(-8) - (-18630)/120. What is the highest common factor of m and r?
12
Let g = -562 - -569. Let v(l) = -l + 28. Let r be v(g). Let n = 39 - 27. Calculate the highest common divisor of n and r.
3
Let t = 16 + 28. Suppose -t = -3*d + d. Suppose 682 = 11*x + 20*x. Calculate the greatest common divisor of x and d.
22
Suppose -14*m - 163 + 807 = 0. Suppose 16*s = m*s - 270. Let f be 1*-1*(-65 + 2). Calculate the highest common factor of f and s.
9
Let j(w) = w**2 - 13*w - 84. Let q be j(-8). Suppose 0 = 3*c - 6*c + 2*d + q, 3*d = -c + 39. Calculate the highest common divisor of c and 24.
6
Let v = -100 + 93. Let n be 1022/(14/v - -4). What is the greatest common divisor of 146 and n?
73
Suppose -2*o + 2 + 76 = 3*w, 2*o = 3*w + 102. Calculate the highest common divisor of 535 and o.
5
Suppose 143*i - 145*i + o + 55 = 0, -265 = -8*i - 5*o. What is the highest common factor of 1815 and i?
15
Suppose 17*s - 78 - 92 = 0. Let x(u) = -2*u**3 - 56*u**2 + 101*u + 40. Let f be x(-30). Calculate the greatest common divisor of s and f.
10
Suppose 0 = 2*a, -a = -o + a + 5. Suppose -3*r = -j - o, 4*j = -j + 5. Calculate the greatest common divisor of r and 2.
2
Suppose -1372 - 1897 = -2*m + 3*k, -m = -5*k - 1610. Calculate the highest common factor of 560 and m.
35
Let o(z) = 4*z**2 + 13*z - 103. Let u be o(-43). Calculate the highest common divisor of 37 and u.
37
Let m = 182 - 51. Suppose 2*f - m = 9. Let t = -1779 - -1807. Calculate the greatest common factor of t and f.
14
Suppose 0*l - 3*x - 7 = -2*l, 5*x + 12 = 3*l. Let t be -8 + 24 + l + 1. Suppose -3*p - 428 - 12 = -14*p. Calculate the highest common divisor of t and p.
8
Suppose 19*o - 22*o - 7 = -2*n, -n + o + 4 = 0. Suppose 3*i = 4*s - i - 200, -n*i + 5 = 0. What is the highest common factor of s and 3?
3
Let f = 557 - -225. What is the highest common divisor of f and 68?
34
Suppose 5*z = -l + 31739, -2*z + 12678 = -153*l + 149*l. Calculate the greatest common factor of 99 and z.
11
Suppose -241 - 1294 = -39*x + 2755. What is the greatest common divisor of 2607 and x?
11
Suppose 38*i = -k + 42*i + 15, -5*k + 4*i + 91 = 0. What is the highest common factor of 3401 and k?
19
Let m be ((-2)/(-2))/(1/37). Let o be (2 - (-10)/(-6)) + (-100)/(-150). What is the highest common factor of m and o?
1
Suppose -